t the prime factors of 9428.
2, 2357
List the prime factors of 1428.
2, 3, 7, 17
List the prime factors of 8667.
3, 107
List the prime factors of 17181.
3, 23, 83
What are the prime factors of 13195?
5, 7, 13, 29
List the prime factors of 4276.
2, 1069
List the prime factors of 30944.
2, 967
List the prime factors of 14933.
109, 137
What are the prime factors of 2149?
7, 307
What are the prime factors of 9395?
5, 1879
What are the prime factors of 2807?
7, 401
What are the prime factors of 1030?
2, 5, 103
What are the prime factors of 172?
2, 43
List the prime factors of 2355.
3, 5, 157
List the prime factors of 2068.
2, 11, 47
What are the prime factors of 30205?
5, 7, 863
List the prime factors of 10309.
13, 61
List the prime factors of 3658.
2, 31, 59
List the prime factors of 11388.
2, 3, 13, 73
What are the prime factors of 2109?
3, 19, 37
List the prime factors of 338.
2, 13
List the prime factors of 984.
2, 3, 41
List the prime factors of 134874.
2, 3, 59, 127
List the prime factors of 16404.
2, 3, 1367
What are the prime factors of 39708?
2, 3, 1103
What are the prime factors of 2707?
2707
What are the prime factors of 8147?
8147
List the prime factors of 49776.
2, 3, 17, 61
What are the prime factors of 1207?
17, 71
What are the prime factors of 549?
3, 61
List the prime factors of 727.
727
What are the prime factors of 12736?
2, 199
What are the prime factors of 3704?
2, 463
What are the prime factors of 382?
2, 191
What are the prime factors of 2087?
2087
What are the prime factors of 65886?
2, 3, 79, 139
List the prime factors of 7069.
7069
List the prime factors of 13681.
13681
What are the prime factors of 473?
11, 43
What are the prime factors of 198?
2, 3, 11
What are the prime factors of 813?
3, 271
What are the prime factors of 1894?
2, 947
What are the prime factors of 37018?
2, 83, 223
List the prime factors of 11829.
3, 3943
List the prime factors of 1162.
2, 7, 83
List the prime factors of 6967.
6967
List the prime factors of 2239.
2239
List the prime factors of 27.
3
What are the prime factors of 15656?
2, 19, 103
What are the prime factors of 2303?
7, 47
List the prime factors of 1293.
3, 431
List the prime factors of 1609.
1609
List the prime factors of 969.
3, 17, 19
List the prime factors of 94540.
2, 5, 29, 163
What are the prime factors of 8295?
3, 5, 7, 79
List the prime factors of 979.
11, 89
What are the prime factors of 4460?
2, 5, 223
What are the prime factors of 2830?
2, 5, 283
What are the prime factors of 1288?
2, 7, 23
What are the prime factors of 40215?
3, 5, 7, 383
What are the prime factors of 988?
2, 13, 19
List the prime factors of 13735.
5, 41, 67
What are the prime factors of 13030?
2, 5, 1303
What are the prime factors of 16556?
2, 4139
List the prime factors of 6107.
31, 197
What are the prime factors of 3573?
3, 397
What are the prime factors of 1492?
2, 373
List the prime factors of 45105.
3, 5, 31, 97
What are the prime factors of 897?
3, 13, 23
What are the prime factors of 99931?
13, 7687
List the prime factors of 5647.
5647
List the prime factors of 20751.
3, 6917
List the prime factors of 1512.
2, 3, 7
What are the prime factors of 897?
3, 13, 23
List the prime factors of 33126.
2, 3, 5521
What are the prime factors of 3756?
2, 3, 313
List the prime factors of 4326.
2, 3, 7, 103
List the prime factors of 86285.
5, 17257
List the prime factors of 12756.
2, 3, 1063
List the prime factors of 1703.
13, 131
What are the prime factors of 4558?
2, 43, 53
List the prime factors of 70899.
3, 23633
List the prime factors of 1790.
2, 5, 179
What are the prime factors of 2382?
2, 3, 397
List the prime factors of 1019.
1019
What are the prime factors of 22206?
2, 3, 3701
What are the prime factors of 71784?
2, 3, 997
What are the prime factors of 47?
47
List the prime factors of 6281.
11, 571
List the prime factors of 29116.
2, 29, 251
List the prime factors of 196.
2, 7
What are the prime factors of 1012?
2, 11, 23
What are the prime factors of 1855?
5, 7, 53
What are the prime factors of 18650?
2, 5, 373
What are the prime factors of 99223?
99223
What are the prime factors of 6432?
2, 3, 67
What are the prime factors of 117?
3, 13
What are the prime factors of 1003?
17, 59
What are the prime factors of 21?
3, 7
List the prime factors of 7397.
13, 569
What are the prime factors of 3103?
29, 107
What are the prime factors of 195455?
5, 13, 31, 97
List the prime factors of 80727.
3, 71, 379
What are the prime factors of 72656?
2, 19, 239
List the prime factors of 59.
59
List the prime factors of 14741.
14741
List the prime factors of 4913.
17
What are the prime factors of 2574?
2, 3, 11, 13
List the prime factors of 17306.
2, 17, 509
What are the prime factors of 64455?
3, 5, 4297
What are the prime factors of 3381?
3, 7, 23
What are the prime factors of 13884?
2, 3, 13, 89
What are the prime factors of 7599?
3, 17, 149
What are the prime factors of 932?
2, 233
List the prime factors of 2581.
29, 89
List the prime factors of 69201.
3, 11, 233
What are the prime factors of 13510?
2, 5, 7, 193
What are the prime factors of 194?
2, 97
What are the prime factors of 188?
2, 47
What are the prime factors of 1541?
23, 67
What are the prime factors of 45262?
2, 7, 53, 61
List the prime factors of 10547.
53, 199
List the prime factors of 2796.
2, 3, 233
What are the prime factors of 87944?
2, 10993
List the prime factors of 388.
2, 97
List the prime factors of 1035.
3, 5, 23
What are the prime factors of 98?
2, 7
What are the prime factors of 5695?
5, 17, 67
What are the prime factors of 16485?
3, 5, 7, 157
What are the prime factors of 7409?
31, 239
List the prime factors of 89274.
2, 3, 14879
What are the prime factors of 3311?
7, 11, 43
What are the prime factors of 3584?
2, 7
List the prime factors of 53593.
53593
What are the prime factors of 87628?
2, 19, 1153
List the prime factors of 11186.
2, 7, 17, 47
What are the prime factors of 2103?
3, 701
List the prime factors of 12667.
53, 239
List the prime factors of 1421.
7, 29
List the prime factors of 17502.
2, 3, 2917
List the prime factors of 109858.
2, 7, 19, 59
What are the prime factors of 422?
2, 211
What are the prime factors of 1980?
2, 3, 5, 11
List the prime factors of 2362.
2, 1181
What are the prime factors of 2918?
2, 1459
List the prime factors of 1570.
2, 5, 157
List the prime factors of 9368.
2, 1171
List the prime factors of 5523.
3, 7, 263
What are the prime factors of 128720?
2, 5, 1609
List the prime factors of 7532.
2, 7, 269
List the prime factors of 79180.
2, 5, 37, 107
List the prime factors of 8425.
5, 337
What are the prime factors of 90149?
90149
List the prime factors of 5703.
3, 1901
What are the prime factors of 8965?
5, 11, 163
List the prime factors of 13588.
2, 43, 79
List the prime factors of 3783.
3, 13, 97
What are the prime factors of 17239?
17239
What are the prime factors of 151?
151
List the prime factors of 3327.
3, 1109
List the prime factors of 62297.
62297
What are the prime factors of 50557?
13, 3889
What are the prime factors of 67673?
31, 37, 59
What are the prime factors of 7006?
2, 31, 113
What are the prime factors of 123943?
41, 3023
What are the prime factors of 1047?
3, 349
List the prime factors of 68896.
2, 2153
What are the prime factors of 3330?
2, 3, 5, 37
List the prime factors of 125040.
2, 3, 5, 521
List the prime factors of 82601.
82601
List the prime factors of 10806.
2, 3, 1801
What are the prime factors of 51634?
2, 11, 2347
What are the prime factors of 107?
107
List the prime factors of 7149.
3, 2383
What are the prime factors of 14863?
89, 167
What are the prime factors of 10580?
2, 5, 23
What are the prime factors of 11635?
5, 13, 179
What are the prime factors of 70258?
2, 35129
List the prime factors of 3801.
3, 7, 181
List the prime factors of 3216.
2, 3, 67
What are the prime factors of 8037?
3, 19, 47
List the prime factors of 892.
2, 223
List the prime factors of 2561.
13, 197
What are the prime factors of 637?
7, 13
What are the prime factors of 50764?
2, 7, 37
List the prime factors of 25309.
25309
What are the prime factors of 22938?
2, 3, 3823
List the prime factors of 11417.
7, 233
What are the prime factors of 3675?
3, 5, 7
What are the prime factors of 106?
2, 53
What ar